. What is the units digit of s(9)?
4
Suppose 0 = d + y + 3579, 0 = 3*d - 6*d - y - 10729. What is the tens digit of 10/6 + -2 + d/(-33)?
0
Suppose -20 + 80 = 5*a - 4*r, 0 = -3*a - 3*r + 9. Let k = 35 - a. What is the tens digit of k?
2
Suppose 0 = 5*h - 45 + 45. Let s(r) = -5*r + 17. What is the tens digit of s(h)?
1
Let i(n) = -2*n**3 - 11*n**2 - 11*n - 10. What is the units digit of i(-5)?
0
Let s(c) = -c + 4. Let i be s(4). Suppose 3*b = -4*t - b + 508, 3*b - 12 = i. What is the units digit of t?
3
Let x(p) = -17*p - 82. What is the tens digit of x(-32)?
6
Let o(b) = 15*b**2 + 2*b. Let p(s) = 4*s - 16. Let f be p(5). What is the hundreds digit of o(f)?
2
Suppose 0 = -12*h + 9*h + 9. Suppose h*y = 7*y - 352. What is the tens digit of y?
8
Suppose -4*t + 51 = y - 25, 0 = -3*t - 3. Let w = 21 + y. Let m = w - 57. What is the units digit of m?
4
Let q = 4 - -8. Let h = q - 10. Suppose h*b - a = -b + 17, 4*b + 3*a - 27 = 0. What is the units digit of b?
6
Suppose 31*z + 219 = 34*z. Let v = z + -35. What is the tens digit of v?
3
Suppose 3*b - s + 1 = 0, -4*b - 3*s = -9*b + 5. Let n = 22 - b. What is the tens digit of n - 1*(0 - 1)?
2
Suppose -5*c - 22*b = -18*b - 16950, 0 = -3*c + 5*b + 10207. What is the thousands digit of c?
3
Suppose 38*j + 2*k = 33*j + 6204, -5*k = -2*j + 2470. What is the units digit of j?
0
Let a be 77/2 + (-24)/(-16). Let u = a + -20. What is the tens digit of u?
2
What is the units digit of (-3 - 2334/4)*8/(-12)?
1
Let p(i) = i - 42. Let t(m) = -m + 21. Let o(z) = -4*p(z) - 7*t(z). What is the tens digit of o(7)?
4
What is the thousands digit of ((-8)/(-6))/((-80)/(-67740))?
1
Let d be 45/(-3)*(1 - 0). Let y = d - -18. Suppose -28 = -y*n + 95. What is the units digit of n?
1
Let t(q) = q**3 + 10*q**2 + 4. Let n be t(-10). Suppose 3*h - 5*v - 292 = 0, n*h - 327 - 53 = 2*v. Let m = h - 49. What is the units digit of m?
5
Suppose -3*p + 5 = -4. Suppose 0*s - 11 = -x - 3*s, -p*x + 33 = -3*s. Suppose 0 = -4*i + 13 + x. What is the units digit of i?
6
Let j = 1128 + -633. What is the hundreds digit of j?
4
Suppose 6*w - 649 = 869. What is the units digit of w?
3
Let l(p) = p**3 + 10*p**2 + 4*p - 9. Suppose 0 = -0*i + 4*i + b - 20, 0 = i - 5*b - 26. Let q = -3 - i. What is the tens digit of l(q)?
3
Let o = -2 + 5. Suppose o*r + 5*p = 52, -75 = -r - 3*r - p. What is the tens digit of r?
1
Suppose 1359 + 13285 = 28*s. What is the units digit of s?
3
Suppose 336*f = 345*f - 36720. What is the thousands digit of f?
4
Let o(f) = f**2 + 114*f - 534. What is the tens digit of o(5)?
6
Suppose 300 = 4*i + 11*i. What is the tens digit of (-626)/(-14) + i/70?
4
Let n = -11 - -21. Suppose 4*g - 5*g + n = 0. Suppose -3*k + 5*j = -4*k + 10, -k + g = 4*j. What is the units digit of k?
0
Suppose -366 = -c + 522. What is the units digit of c?
8
Let l = 732 - 378. Suppose l = 5*n - 626. What is the hundreds digit of n?
1
Let w be -1*(-6 + 3)*1. Suppose 4 = 5*c - w*c. Suppose 0 = c*f - 4*f - 2*i + 68, -4*i = -2*f + 38. What is the units digit of f?
9
Let c = -60 - -60. Let z = 42 - c. What is the units digit of z?
2
Suppose 0 = -6*m + 254 - 710. Let g = m - -131. What is the tens digit of g?
5
Suppose 76187 = 45*h + 23222. What is the tens digit of h?
7
Let h(z) be the first derivative of z**3 - 9*z**2/2 - 8*z - 5. Let q be h(7). Suppose 3*m - 5 - q = 0. What is the units digit of m?
7
Suppose 0 = -2*z, -12 = t - z - 3*z. What is the hundreds digit of (30/t + 3)*(-1 + 313)?
1
Suppose 28*b - 951 = 27*b. What is the hundreds digit of b?
9
Let u = 122 - -233. What is the hundreds digit of u?
3
Let p be (-1)/2 - 915/(-6). Suppose 38 = 5*h - p. What is the tens digit of h?
3
Suppose 0 = 3*n - 10 + 61. Let s(j) = -j + 11. What is the units digit of s(n)?
8
Let f = -64 + -23. Let v = f - -62. What is the tens digit of ((-24)/(-20))/((-1)/v)?
3
Let w = 5073 - 434. What is the hundreds digit of w?
6
Suppose w + 19 = -3*w + 3*c, -2*w = 3*c - 13. What is the units digit of (2 - -2) + (w - -35)?
8
Suppose 0 = 4*a + 1 + 3, -3*a - 51 = -3*p. Suppose 3*b = 2*s - 31, 4*b + 45 = 2*s + s. Let v = p - s. What is the units digit of v?
5
Let m(l) = 109*l + 418. What is the tens digit of m(14)?
4
Let u(q) = q + 2. Let g be u(4). Let s(r) be the second derivative of r**4/6 - r**3 - 3*r**2 + r - 30. What is the units digit of s(g)?
0
Let m = -1109 - -2390. What is the hundreds digit of m?
2
Let n(p) = -37*p**3 - 1. Suppose 0 = 6*l + 52 - 40. What is the tens digit of n(l)?
9
Let l be 71 - (0 - (0 + -2)). Let k be 2 - 1/(-1)*l. Suppose -3*m - 2*c + k = 0, 3*m + 0*c - 106 = 5*c. What is the units digit of m?
7
Suppose -l + 2*l = 130. Let k = 186 - l. What is the units digit of k?
6
Let s(g) = 458*g**3 - 2*g**2 + 8*g - 5. What is the units digit of s(1)?
9
Suppose -5*g + 5538 = -2*u, 2*u + 2 - 4 = 0. What is the units digit of 1*(g/12 - 6/(-9))?
3
Let t = 46 + 12. Suppose -4*x - t = -302. What is the units digit of x?
1
Suppose 3*m - 4*s - 2485 = 0, m + 4*s - 176 = 663. What is the hundreds digit of m?
8
Suppose -15*t - c + 885 = -14*t, 2*t + 3*c - 1775 = 0. What is the tens digit of t?
8
Let w(v) = 1. Let q(l) = 17*l. Suppose -3*j + 2 = 5. Let y(t) = j*q(t) - 6*w(t). What is the units digit of y(-3)?
5
Suppose 401 = k + 5*l - 135, 2*k - 4*l - 1058 = 0. What is the tens digit of k?
3
Let p = 31 + -28. Suppose -p*z - r + 45 = -0*z, -7 = -z - 3*r. What is the tens digit of z?
1
Suppose -2*t + 533 + 37 = 5*i, 136 = i - 4*t. What is the hundreds digit of i?
1
Let r = 27 - -34. Let q = -881 - -992. Let m = q - r. What is the units digit of m?
0
Let o(z) = -z**3 + 7*z**2 - 7*z. Let f be o(6). Let d(p) = -4*p + 12210 - 12222 + 0*p. What is the units digit of d(f)?
2
Let f = 14 + 11. Let w = f + -15. Let l = 27 - w. What is the tens digit of l?
1
Suppose j + 4 = -4. What is the units digit of (8/4)/((-2)/j)?
8
Let q = 2169 + 190. What is the thousands digit of q?
2
Let f(i) = i**3 - 12*i**2 + 3*i - 52. What is the units digit of f(13)?
6
Let u = -620 - -1124. Let t = u + -263. What is the tens digit of t?
4
Suppose -10*z + 6*z = j - 20, -4*j - 4 = -5*z. Suppose z*k - 681 = 83. What is the hundreds digit of k?
1
Let w(b) = 2*b**2 + 2*b + 13. What is the tens digit of w(-4)?
3
Let g = 13 - -5. What is the tens digit of (87*-1)/((-27)/g)?
5
Suppose -3*j + 2 = -4*j. Let p(l) = -13*l**3 + 4*l**2 + 6*l - 1. What is the hundreds digit of p(j)?
1
Let n(r) = r**2 + 2*r - 6. Let w be (-26)/(-10) + (-4)/(-10). What is the units digit of n(w)?
9
Suppose -3*i - 3*y = 3, 2*i - y - 5 = -4. Let b(o) = -o**2 + o + 18. Let j be b(i). Suppose -23*a = -j*a - 100. What is the tens digit of a?
2
Let g = 2 + -10. Let r(x) = x**3 + 10*x**2 + 12*x + 1. Let j be r(g). Let q = -3 + j. What is the tens digit of q?
3
Let i(l) = 3*l - 7. Let q(o) = -4*o + 11. Let v(s) = -7*i(s) - 5*q(s). Let y(d) = 2*d + 12. Let a(h) = -9*v(h) - 4*y(h). What is the tens digit of a(5)?
1
Let k(d) = 9*d**3 + d**2 - 5*d - 33. What is the tens digit of k(6)?
1
Suppose -i = 4*l - 19, -6*i + 3 = -3*l - i. Suppose 4*s + 4 = l*t, -s - 3 + 2 = 2*t. Suppose t = 3*f - 6*f + 51. What is the tens digit of f?
1
Let f = 17 - 20. Let v be (f + 61)/((-1)/(-1)). Suppose -5*n = -v - 67. What is the units digit of n?
5
What is the tens digit of 711*(-48)/(-84)*(-7)/(-6)?
7
What is the hundreds digit of (-1)/((-2)/4*6/1212)?
4
Let j(f) = 6*f - 22. Let v be j(-9). Let y = -69 - v. What is the units digit of y?
7
Suppose -7*t = -3*t - 12. Let l(a) = -7 + 7*a**2 + 1 - a**t + 3*a + 6*a. What is the units digit of l(8)?
2
Let p be 6/2*32*1. Suppose -145 = 4*f - 3*s, -4*f - 184 = f - s. Let v = f + p. What is the tens digit of v?
5
Suppose 4*x - 5518 = 5*h, -4154 = 5*x - 8*x - 4*h. What is the hundreds digit of x?
3
Let h be (-6)/(-9) - (-269)/(-3). Let u = -81 - h. What is the units digit of u?
8
Suppose -7*x = -2*x + 3*d + 9, 4*x + d + 3 = 0. Suppose 3*v + 9 = x, u + 875 = 6*u + 5*v. What is the tens digit of u?
7
Let a be (6/9*-47)/(2/(-30)). Let h = a + -174. What is the tens digit of h?
9
What is the tens digit of (-2 - -152 - 0) + 18/6?
5
Let v(i) = i - 1. Let u be v(-3). Let b = 40 + u. What is the tens digit of 531/b + 2/8?
1
Suppose 7*h = -160 - 246. Let b = h - -145. What is the tens digit of b?
8
Let z = -5503 - -9488. What is the hundre